{"id":51673,"date":"2018-01-09T19:31:56","date_gmt":"2018-01-09T18:31:56","guid":{"rendered":"http:\/\/www.cesramonycajal.com\/?page_id=5"},"modified":"2018-01-09T19:31:56","modified_gmt":"2018-01-09T18:31:56","slug":"el-centro","status":"publish","type":"page","link":"https:\/\/www.test.cesramonycajal.com\/?page_id=51673","title":{"rendered":"El centro"},"content":{"rendered":"<p>[vc_section full_width=&quot;stretch_row&quot; el_class=&quot;cabecera&quot; css=&quot;.vc_custom_1568872520723{background-image: url(https:\/\/www.test.cesramonycajal.com\/wp-content\/uploads\/2019\/09\/profes.jpg?id=6235 !important;background-position: center !important;background-repeat: no-repeat !important;background-size: cover !important;}&quot;][vc_row][vc_column][vc_column_text el_class=&quot;titulo-cabecera&quot;]<\/p>\n<h1>CON\u00d3CENOS<\/h1>\n<p>Un equipo humano y profesional<\/p>\n<p><a class=\"eModal-1 btn-blanco\" href=\"\/\">CONTACTAR<\/a>[\/vc_column_text][\/vc_column][\/vc_row][\/vc_section][vc_section][vc_row][vc_column][vc_column_text el_class=\u00bbtitulo-35&#8243;]<\/p>\n<h2 style=\"text-align: center;\">NUESTRO CENTRO<\/h2>\n<p>[\/vc_column_text][\/vc_column][\/vc_row][vc_row][vc_column width=\u00bb1\/2&#8243;][vc_column_text el_class=\u00bbbloque-contactos\u00bb]<\/p>\n<h4><span style=\"font-size: 28px;\">Localizaci\u00f3n y contacto<\/span><\/h4>\n<p><span style=\"font-size: 20px;\">Centro de Ense\u00f1anza Secundaria CES Santiago Ram\u00f3n y Cajal<\/span><br \/>\n<span style=\"font-size: 20px;\">Camino del Ca\u00f1averal N\u00ba 3 \u00b7 18004 &#8211; Granada<\/span><br \/>\n<span style=\"font-size: 20px;\">Tfno: <a href=\"tel:958279762\">958 27 97 62<\/a><\/span><br \/>\n<span style=\"font-size: 20px;\">e-mail:<a href=\"mailto:secretaria@cesramonycajal.com\">secretaria@cesramonycajal.com<\/a><\/span>[\/vc_column_text][\/vc_column][vc_column width=\u00bb1\/2&#8243;][vc_video link=\u00bbhttps:\/\/www.youtube.com\/watch?v=UJ_l47rabVg\u00bb][\/vc_column][\/vc_row][vc_row][vc_column][\/vc_column][\/vc_row][vc_row content_placement=\u00bbmiddle\u00bb el_id=\u00bbservicios-centro\u00bb][vc_column width=\u00bb1\/4&#8243; css=\u00bb.vc_custom_1657872653582{border-radius: 2px !important;}\u00bb][vc_icon icon_fontawesome=\u00bbfa fa-terminal\u00bb color=\u00bbcustom\u00bb size=\u00bbxl\u00bb align=\u00bbcenter\u00bb link=\u00bburl:https%3A%2F%2Fwww.cesramonycajal.com%2Ffp-a-distancia%2Feducacion-infantil-a-distancia%2F|title:Ciclos%20formativos%20a%20distancia|target:%20_blank|\u00bb custom_color=\u00bb#ea0029&#8243;][vc_column_text]<\/p>\n<p style=\"text-align: center;\"><a href=\"https:\/\/www.test.cesramonycajal.com\/fp-a-distancia\/educacion-infantil-a-distancia\/\"><span style=\"font-size: 28px; color: #ea0029;\">Ciclos Formativos a Distancia<\/span><\/a><\/p>\n<p>[\/vc_column_text][\/vc_column][vc_column width=\u00bb1\/4&#8243;][vc_icon icon_fontawesome=\u00bbfa fa-language\u00bb color=\u00bbcustom\u00bb size=\u00bbxl\u00bb align=\u00bbcenter\u00bb link=\u00bburl:https%3A%2F%2Fwww.cesramonycajal.com%2Fpreparacion-idiomas%2F|title:Plataforma%20educativa%20Campus%20Cajal|target:%20_blank|\u00bb custom_color=\u00bb#ea0029&#8243;][vc_column_text]<\/p>\n<p style=\"text-align: center;\"><a href=\"https:\/\/www.test.cesramonycajal.com\/preparacion-idiomas\/\"><span style=\"font-size: 28px; color: #ea0029;\">Preparaci\u00f3n B1-B2 Idiomas<\/span><\/a><\/p>\n<p>[\/vc_column_text][\/vc_column][vc_column width=\u00bb1\/4&#8243; el_class=\u00bbeModal-10&#8243;][vc_icon icon_fontawesome=\u00bbfa fa-compass\u00bb color=\u00bbcustom\u00bb size=\u00bbxl\u00bb align=\u00bbcenter\u00bb link=\u00bburl:%23|title:Servicio%20de%20orientaci%C3%B3n%20profesional%20coordinada||\u00bb custom_color=\u00bb#ea0029&#8243;][vc_column_text]<\/p>\n<p style=\"text-align: center;\"><span style=\"font-size: 28px; color: #ea0029;\">Orientaci\u00f3n<\/span><\/p>\n<p>[\/vc_column_text][\/vc_column][vc_column width=\u00bb1\/4&#8243;][vc_icon icon_fontawesome=\u00bbfa fa-book\u00bb color=\u00bbcustom\u00bb size=\u00bbxl\u00bb align=\u00bbcenter\u00bb link=\u00bb|title:Biblioteca||\u00bb custom_color=\u00bb#ea0029&#8243;][vc_column_text]<\/p>\n<p style=\"text-align: center;\"><span style=\"font-size: 28px; color: #ea0029;\">Biblioteca-Web<\/span><\/p>\n<p>[\/vc_column_text][\/vc_column][\/vc_row][vc_row][vc_column width=\u00bb1\/4&#8243;][vc_icon icon_fontawesome=\u00bbfa fa-user-md\u00bb color=\u00bbcustom\u00bb size=\u00bbxl\u00bb align=\u00bbcenter\u00bb link=\u00bb|title:Gabinete%20m%C3%A9dico||\u00bb custom_color=\u00bb#ea0029&#8243;][vc_column_text]<\/p>\n<p style=\"text-align: center;\"><span style=\"font-size: 28px; color: #ea0029;\">Gabinete M\u00e9dico<\/span><\/p>\n<p>[\/vc_column_text][\/vc_column][vc_column width=\u00bb1\/4&#8243;][vc_icon icon_fontawesome=\u00bbfa fa-comments-o\u00bb color=\u00bbcustom\u00bb size=\u00bbxl\u00bb align=\u00bbcenter\u00bb link=\u00bburl:https%3A%2F%2Fwww.cesramonycajal.com%2Fequipo-humano%2F|title:Equipo%20humano||\u00bb custom_color=\u00bb#ea0029&#8243;][vc_column_text]<\/p>\n<p style=\"text-align: center;\"><a href=\"https:\/\/www.test.cesramonycajal.com\/equipo-humano\/\"><span style=\"font-size: 28px; color: #ea0029;\">Equipo humano<\/span><\/a><\/p>\n<p>[\/vc_column_text][\/vc_column][vc_column width=\u00bb1\/4&#8243; el_class=\u00bbeModal-12&#8243;][vc_icon icon_fontawesome=\u00bbfa fa-coffee\u00bb color=\u00bbcustom\u00bb size=\u00bbxl\u00bb align=\u00bbcenter\u00bb link=\u00bburl:%23|title:Cafeter%C3%ADa||\u00bb custom_color=\u00bb#ea0029&#8243;][vc_column_text]<\/p>\n<p style=\"text-align: center;\"><span style=\"font-size: 28px; color: #ea0029;\">Cafeter\u00eda<\/span><\/p>\n<p>[\/vc_column_text][\/vc_column][vc_column width=\u00bb1\/4&#8243; el_class=\u00bbeModal-9&#8243;][vc_icon icon_fontawesome=\u00bbfa fa-google\u00bb color=\u00bbcustom\u00bb size=\u00bbxl\u00bb align=\u00bbcenter\u00bb custom_color=\u00bb#ea0029&#8243; link=\u00bburl:%23|title:Google%20Workspace||\u00bb][vc_column_text]<\/p>\n<p style=\"text-align: center;\"><span style=\"font-size: 28px; color: #ea0029;\">Google Workspace<\/span><\/p>\n<p>[\/vc_column_text][\/vc_column][\/vc_row][vc_row][vc_column width=\u00bb1\/4&#8243;][vc_icon icon_fontawesome=\u00bbfa fa-calendar\u00bb color=\u00bbcustom\u00bb size=\u00bbxl\u00bb align=\u00bbcenter\u00bb link=\u00bburl:https%3A%2F%2Fwww.cesramonycajal.com%2Fhorarios-centro%2F|title:Horarios||\u00bb custom_color=\u00bb#ea0029&#8243;][vc_column_text]<\/p>\n<p style=\"text-align: center;\"><a href=\"https:\/\/www.test.cesramonycajal.com\/horarios-centro\/\"><span style=\"font-size: 28px; color: #ea0029;\">Horarios<\/span><\/a><\/p>\n<p>[\/vc_column_text][\/vc_column][vc_column width=\u00bb1\/4&#8243;][vc_icon icon_fontawesome=\u00bbfa fa-flag-checkered\u00bb color=\u00bbcustom\u00bb size=\u00bbxl\u00bb align=\u00bbcenter\u00bb link=\u00bburl:https%3A%2F%2Fwww.youtube.com%2Fwatch%3Fv%3DGXjIQniyyQs|title:Pabell%C3%B3n%20cubierto||\u00bb custom_color=\u00bb#ea0029&#8243;][vc_column_text]<\/p>\n<p style=\"text-align: center;\"><a href=\"https:\/\/www.youtube.com\/watch?v=GXjIQniyyQs\"><span style=\"font-size: 28px; color: #ea0029;\">Actividades<\/span><\/a><\/p>\n<p>[\/vc_column_text][\/vc_column][vc_column width=\u00bb1\/4&#8243;][vc_icon icon_fontawesome=\u00bbfa fa-users\u00bb color=\u00bbcustom\u00bb size=\u00bbxl\u00bb align=\u00bbcenter\u00bb link=\u00bb|||\u00bb custom_color=\u00bb#ea0029&#8243;][vc_column_text]<\/p>\n<p style=\"text-align: center;\"><span style=\"font-size: 28px; color: #ea0029;\">Asociaci\u00f3n de Madres y Padres<\/span><\/p>\n<p>[\/vc_column_text][\/vc_column][vc_column width=\u00bb1\/4&#8243;][vc_icon icon_fontawesome=\u00bbfa fa-bus\u00bb color=\u00bbcustom\u00bb size=\u00bbxl\u00bb align=\u00bbcenter\u00bb link=\u00bburl:https%3A%2F%2Fwww.cesramonycajal.com%2Ftransporte-escolar%2F|title:Transporte%20escolar||\u00bb custom_color=\u00bb#ea0029&#8243;][vc_column_text]<\/p>\n<p style=\"text-align: center;\"><a href=\"https:\/\/www.test.cesramonycajal.com\/transporte-escolar\/\"><span style=\"font-size: 28px; color: #ea0029;\">Transporte escolar<\/span><\/a><\/p>\n<p>[\/vc_column_text][\/vc_column][\/vc_row][vc_row][vc_column][vc_gmaps link=\u00bb#E-8_JTNDaWZyYW1lJTIwc3JjJTNEJTIyaHR0cHMlM0ElMkYlMkZ3d3cuZ29vZ2xlLmNvbSUyRm1hcHMlMkZlbWJlZCUzRnBiJTNEJTIxMW0xNCUyMTFtOCUyMTFtMyUyMTFkMzUzMy45NjYzNjgwMTM0MTElMjEyZC0zLjYxODE5Njg3NTc2NTU2JTIxM2QzNy4xNzk3NDA0MjA2NjQ5NiUyMTNtMiUyMTFpMTAyNCUyMTJpNzY4JTIxNGYxMy4xJTIxM20zJTIxMW0yJTIxMXMweDAlMjUzQTB4YWI0ZjMzMzlhYjY0MjA0ZSUyMTJzQ0VTJTJCUmFtJTI1QzMlMjVCM24lMkJ5JTJCQ2FqYWwlMjE1ZTAlMjEzbTIlMjExc2VzJTIxMnNlcyUyMTR2MTUxNTY5NTkyMjgxNiUyMiUyMGhlaWdodCUzRCUyMjI3NSUyMiUyMGZyYW1lYm9yZGVyJTNEJTIyMCUyMiUyMHN0eWxlJTNEJTIyYm9yZGVyJTNBMCUyMiUyMGFsbG93ZnVsbHNjcmVlbiUzRSUzQyUyRmlmcmFtZSUzRQ==\u00bb size=\u00bb275&#8243;][\/vc_column][\/vc_row][\/vc_section][vc_section full_width=\u00bbstretch_row_content\u00bb][vc_row full_width=\u00bbstretch_row_content_no_spaces\u00bb][vc_column][vc_column_text][entradas category=&#8217;Noticias&#8217; posts=4][\/vc_column_text][\/vc_column][\/vc_row][\/vc_section]<\/p>\n","protected":false},"excerpt":{"rendered":"<p>[vc_section full_width=&quot;stretch_row&quot; el_class=&quot;cabecera&quot; css=&quot;.vc_custom_1568872520723{background-image: url(https:\/\/www.test.cesramonycajal.com\/wp-content\/uploads\/2019\/09\/profes.jpg?id=6235 !important;background-position: center !important;background-repeat: no-repeat !important;background-size: cover !important;}&quot;][vc_row][vc_column][vc_column_text el_class=&quot;titulo-cabecera&quot;] CON\u00d3CENOS Un equipo humano y profesional CONTACTAR[\/vc_column_text][\/vc_column][\/vc_row][\/vc_section][vc_section][vc_row][vc_column][vc_column_text el_class=\u00bbtitulo-35&#8243;] NUESTRO CENTRO [\/vc_column_text][\/vc_column][\/vc_row][vc_row][vc_column width=\u00bb1\/2&#8243;][vc_column_text el_class=\u00bbbloque-contactos\u00bb] Localizaci\u00f3n y contacto Centro de Ense\u00f1anza Secundaria CES Santiago Ram\u00f3n y Cajal Camino del Ca\u00f1averal N\u00ba 3 \u00b7 18004 &#8211; Granada Tfno: 958 27 97 62 e-mail:secretaria@cesramonycajal.com[\/vc_column_text][\/vc_column][vc_column width=\u00bb1\/2&#8243;][vc_video link=\u00bbhttps:\/\/www.youtube.com\/watch?v=UJ_l47rabVg\u00bb][\/vc_column][\/vc_row][vc_row][vc_column][\/vc_column][\/vc_row][vc_row [&hellip;]<\/p>\n","protected":false},"author":2,"featured_media":0,"parent":0,"menu_order":0,"comment_status":"closed","ping_status":"closed","template":"plantilla-ramonycajal.php","meta":{"_et_pb_use_builder":"","_et_pb_old_content":"","_et_gb_content_width":"","footnotes":""},"class_list":["post-51673","page","type-page","status-publish","hentry"],"_links":{"self":[{"href":"https:\/\/www.test.cesramonycajal.com\/index.php?rest_route=\/wp\/v2\/pages\/51673","targetHints":{"allow":["GET"]}}],"collection":[{"href":"https:\/\/www.test.cesramonycajal.com\/index.php?rest_route=\/wp\/v2\/pages"}],"about":[{"href":"https:\/\/www.test.cesramonycajal.com\/index.php?rest_route=\/wp\/v2\/types\/page"}],"author":[{"embeddable":true,"href":"https:\/\/www.test.cesramonycajal.com\/index.php?rest_route=\/wp\/v2\/users\/2"}],"replies":[{"embeddable":true,"href":"https:\/\/www.test.cesramonycajal.com\/index.php?rest_route=%2Fwp%2Fv2%2Fcomments&post=51673"}],"version-history":[{"count":0,"href":"https:\/\/www.test.cesramonycajal.com\/index.php?rest_route=\/wp\/v2\/pages\/51673\/revisions"}],"wp:attachment":[{"href":"https:\/\/www.test.cesramonycajal.com\/index.php?rest_route=%2Fwp%2Fv2%2Fmedia&parent=51673"}],"curies":[{"name":"wp","href":"https:\/\/api.w.org\/{rel}","templated":true}]}}

<p>[vc_section full_width=&quot;stretch_row&quot; el_class=&quot;cabecera&quot; css=&quot;.vc_custom_1568872520723{background-image: url(https://www.test.cesramonycajal.com/wp-content/uploads/2019/09/profes.jpg?id=6235 !important;background-position: center !important;background-repeat: no-repeat !important;background-size: cover !important;}&quot;][vc_row][vc_column][vc_column_text el_class=&quot;titulo-cabecera&quot;]</p>
<h1>CONÓCENOS</h1>
<p>Un equipo humano y profesional</p>
<p><a class="eModal-1 btn-blanco" href="/">CONTACTAR</a>[/vc_column_text][/vc_column][/vc_row][/vc_section][vc_section][vc_row][vc_column][vc_column_text el_class=»titulo-35&#8243;]</p>
<h2 style="text-align: center;">NUESTRO CENTRO</h2>
<p>[/vc_column_text][/vc_column][/vc_row][vc_row][vc_column width=»1/2&#8243;][vc_column_text el_class=»bloque-contactos»]</p>
<h4><span style="font-size: 28px;">Localización y contacto</span></h4>
<p><span style="font-size: 20px;">Centro de Enseñanza Secundaria CES Santiago Ramón y Cajal</span><br />
<span style="font-size: 20px;">Camino del Cañaveral Nº 3 · 18004 &#8211; Granada</span><br />
<span style="font-size: 20px;">Tfno: <a href="tel:958279762">958 27 97 62</a></span><br />
<span style="font-size: 20px;">e-mail:<a href="mailto:secretaria@cesramonycajal.com">secretaria@cesramonycajal.com</a></span>[/vc_column_text][/vc_column][vc_column width=»1/2&#8243;][vc_video link=»https://www.youtube.com/watch?v=UJ_l47rabVg»][/vc_column][/vc_row][vc_row][vc_column][/vc_column][/vc_row][vc_row content_placement=»middle» el_id=»servicios-centro»][vc_column width=»1/4&#8243; css=».vc_custom_1657872653582{border-radius: 2px !important;}»][vc_icon icon_fontawesome=»fa fa-terminal» color=»custom» size=»xl» align=»center» link=»url:https%3A%2F%2Fwww.cesramonycajal.com%2Ffp-a-distancia%2Feducacion-infantil-a-distancia%2F|title:Ciclos%20formativos%20a%20distancia|target:%20_blank|» custom_color=»#ea0029&#8243;][vc_column_text]</p>
<p style="text-align: center;"><a href="https://www.test.cesramonycajal.com/fp-a-distancia/educacion-infantil-a-distancia/"><span style="font-size: 28px; color: #ea0029;">Ciclos Formativos a Distancia</span></a></p>
<p>[/vc_column_text][/vc_column][vc_column width=»1/4&#8243;][vc_icon icon_fontawesome=»fa fa-language» color=»custom» size=»xl» align=»center» link=»url:https%3A%2F%2Fwww.cesramonycajal.com%2Fpreparacion-idiomas%2F|title:Plataforma%20educativa%20Campus%20Cajal|target:%20_blank|» custom_color=»#ea0029&#8243;][vc_column_text]</p>
<p style="text-align: center;"><a href="https://www.test.cesramonycajal.com/preparacion-idiomas/"><span style="font-size: 28px; color: #ea0029;">Preparación B1-B2 Idiomas</span></a></p>
<p>[/vc_column_text][/vc_column][vc_column width=»1/4&#8243; el_class=»eModal-10&#8243;][vc_icon icon_fontawesome=»fa fa-compass» color=»custom» size=»xl» align=»center» link=»url:%23|title:Servicio%20de%20orientaci%C3%B3n%20profesional%20coordinada||» custom_color=»#ea0029&#8243;][vc_column_text]</p>
<p style="text-align: center;"><span style="font-size: 28px; color: #ea0029;">Orientación</span></p>
<p>[/vc_column_text][/vc_column][vc_column width=»1/4&#8243;][vc_icon icon_fontawesome=»fa fa-book» color=»custom» size=»xl» align=»center» link=»|title:Biblioteca||» custom_color=»#ea0029&#8243;][vc_column_text]</p>
<p style="text-align: center;"><span style="font-size: 28px; color: #ea0029;">Biblioteca-Web</span></p>
<p>[/vc_column_text][/vc_column][/vc_row][vc_row][vc_column width=»1/4&#8243;][vc_icon icon_fontawesome=»fa fa-user-md» color=»custom» size=»xl» align=»center» link=»|title:Gabinete%20m%C3%A9dico||» custom_color=»#ea0029&#8243;][vc_column_text]</p>
<p style="text-align: center;"><span style="font-size: 28px; color: #ea0029;">Gabinete Médico</span></p>
<p>[/vc_column_text][/vc_column][vc_column width=»1/4&#8243;][vc_icon icon_fontawesome=»fa fa-comments-o» color=»custom» size=»xl» align=»center» link=»url:https%3A%2F%2Fwww.cesramonycajal.com%2Fequipo-humano%2F|title:Equipo%20humano||» custom_color=»#ea0029&#8243;][vc_column_text]</p>
<p style="text-align: center;"><a href="https://www.test.cesramonycajal.com/equipo-humano/"><span style="font-size: 28px; color: #ea0029;">Equipo humano</span></a></p>
<p>[/vc_column_text][/vc_column][vc_column width=»1/4&#8243; el_class=»eModal-12&#8243;][vc_icon icon_fontawesome=»fa fa-coffee» color=»custom» size=»xl» align=»center» link=»url:%23|title:Cafeter%C3%ADa||» custom_color=»#ea0029&#8243;][vc_column_text]</p>
<p style="text-align: center;"><span style="font-size: 28px; color: #ea0029;">Cafetería</span></p>
<p>[/vc_column_text][/vc_column][vc_column width=»1/4&#8243; el_class=»eModal-9&#8243;][vc_icon icon_fontawesome=»fa fa-google» color=»custom» size=»xl» align=»center» custom_color=»#ea0029&#8243; link=»url:%23|title:Google%20Workspace||»][vc_column_text]</p>
<p style="text-align: center;"><span style="font-size: 28px; color: #ea0029;">Google Workspace</span></p>
<p>[/vc_column_text][/vc_column][/vc_row][vc_row][vc_column width=»1/4&#8243;][vc_icon icon_fontawesome=»fa fa-calendar» color=»custom» size=»xl» align=»center» link=»url:https%3A%2F%2Fwww.cesramonycajal.com%2Fhorarios-centro%2F|title:Horarios||» custom_color=»#ea0029&#8243;][vc_column_text]</p>
<p style="text-align: center;"><a href="https://www.test.cesramonycajal.com/horarios-centro/"><span style="font-size: 28px; color: #ea0029;">Horarios</span></a></p>
<p>[/vc_column_text][/vc_column][vc_column width=»1/4&#8243;][vc_icon icon_fontawesome=»fa fa-flag-checkered» color=»custom» size=»xl» align=»center» link=»url:https%3A%2F%2Fwww.youtube.com%2Fwatch%3Fv%3DGXjIQniyyQs|title:Pabell%C3%B3n%20cubierto||» custom_color=»#ea0029&#8243;][vc_column_text]</p>
<p style="text-align: center;"><a href="https://www.youtube.com/watch?v=GXjIQniyyQs"><span style="font-size: 28px; color: #ea0029;">Actividades</span></a></p>
<p>[/vc_column_text][/vc_column][vc_column width=»1/4&#8243;][vc_icon icon_fontawesome=»fa fa-users» color=»custom» size=»xl» align=»center» link=»|||» custom_color=»#ea0029&#8243;][vc_column_text]</p>
<p style="text-align: center;"><span style="font-size: 28px; color: #ea0029;">Asociación de Madres y Padres</span></p>
<p>[/vc_column_text][/vc_column][vc_column width=»1/4&#8243;][vc_icon icon_fontawesome=»fa fa-bus» color=»custom» size=»xl» align=»center» link=»url:https%3A%2F%2Fwww.cesramonycajal.com%2Ftransporte-escolar%2F|title:Transporte%20escolar||» custom_color=»#ea0029&#8243;][vc_column_text]</p>
<p style="text-align: center;"><a href="https://www.test.cesramonycajal.com/transporte-escolar/"><span style="font-size: 28px; color: #ea0029;">Transporte escolar</span></a></p>
<p>[/vc_column_text][/vc_column][/vc_row][vc_row][vc_column][vc_gmaps link=»#E-8_JTNDaWZyYW1lJTIwc3JjJTNEJTIyaHR0cHMlM0ElMkYlMkZ3d3cuZ29vZ2xlLmNvbSUyRm1hcHMlMkZlbWJlZCUzRnBiJTNEJTIxMW0xNCUyMTFtOCUyMTFtMyUyMTFkMzUzMy45NjYzNjgwMTM0MTElMjEyZC0zLjYxODE5Njg3NTc2NTU2JTIxM2QzNy4xNzk3NDA0MjA2NjQ5NiUyMTNtMiUyMTFpMTAyNCUyMTJpNzY4JTIxNGYxMy4xJTIxM20zJTIxMW0yJTIxMXMweDAlMjUzQTB4YWI0ZjMzMzlhYjY0MjA0ZSUyMTJzQ0VTJTJCUmFtJTI1QzMlMjVCM24lMkJ5JTJCQ2FqYWwlMjE1ZTAlMjEzbTIlMjExc2VzJTIxMnNlcyUyMTR2MTUxNTY5NTkyMjgxNiUyMiUyMGhlaWdodCUzRCUyMjI3NSUyMiUyMGZyYW1lYm9yZGVyJTNEJTIyMCUyMiUyMHN0eWxlJTNEJTIyYm9yZGVyJTNBMCUyMiUyMGFsbG93ZnVsbHNjcmVlbiUzRSUzQyUyRmlmcmFtZSUzRQ==» size=»275&#8243;][/vc_column][/vc_row][/vc_section][vc_section full_width=»stretch_row_content»][vc_row full_width=»stretch_row_content_no_spaces»][vc_column][vc_column_text][entradas category=&#8217;Noticias&#8217; posts=4][/vc_column_text][/vc_column][/vc_row][/vc_section]</p>

<p>[vc_section full_width=&quot;stretch_row&quot; el_class=&quot;cabecera&quot; css=&quot;.vc_custom_1568872520723{background-image: url(https://www.test.cesramonycajal.com/wp-content/uploads/2019/09/profes.jpg?id=6235 !important;background-position: center !important;background-repeat: no-repeat !important;background-size: cover !important;}&quot;][vc_row][vc_column][vc_column_text el_class=&quot;titulo-cabecera&quot;] CONÓCENOS Un equipo humano y profesional CONTACTAR[/vc_column_text][/vc_column][/vc_row][/vc_section][vc_section][vc_row][vc_column][vc_column_text el_class=»titulo-35&#8243;] NUESTRO CENTRO [/vc_column_text][/vc_column][/vc_row][vc_row][vc_column width=»1/2&#8243;][vc_column_text el_class=»bloque-contactos»] Localización y contacto Centro de Enseñanza Secundaria CES Santiago Ramón y Cajal Camino del Cañaveral Nº 3 · 18004 &#8211; Granada Tfno: 958 27 97 62 e-mail:secretaria@cesramonycajal.com[/vc_column_text][/vc_column][vc_column width=»1/2&#8243;][vc_video link=»https://www.youtube.com/watch?v=UJ_l47rabVg»][/vc_column][/vc_row][vc_row][vc_column][/vc_column][/vc_row][vc_row [&hellip;]</p>
